{"id":143,"date":"2025-12-17T17:13:40","date_gmt":"2025-12-17T17:13:40","guid":{"rendered":"https:\/\/mmi24a03.mmi-troyes.fr\/sae302\/?page_id=143"},"modified":"2025-12-17T17:14:01","modified_gmt":"2025-12-17T17:14:01","slug":"contact","status":"publish","type":"page","link":"https:\/\/mmi24a03.mmi-troyes.fr\/sae302\/contact\/","title":{"rendered":"Contact"},"content":{"rendered":"\t\t<div data-elementor-type=\"wp-page\" data-elementor-id=\"143\" class=\"elementor elementor-143\" data-elementor-post-type=\"page\">\n\t\t\t\t<div class=\"elementor-element elementor-element-f21b210 e-flex e-con-boxed e-con e-parent\" data-id=\"f21b210\" data-element_type=\"container\">\n\t\t\t\t\t<div class=\"e-con-inner\">\n\t\t<div class=\"elementor-element elementor-element-4fa5f06 e-grid e-con-full e-con e-child\" data-id=\"4fa5f06\" data-element_type=\"container\">\n\t\t<div class=\"elementor-element elementor-element-d02663b e-grid e-con-full e-con e-child\" data-id=\"d02663b\" data-element_type=\"container\">\n\t\t\t\t<div class=\"elementor-element elementor-element-6e57e19 elementor-widget elementor-widget-heading\" data-id=\"6e57e19\" data-element_type=\"widget\" data-widget_type=\"heading.default\">\n\t\t\t\t\t<h2 class=\"elementor-heading-title elementor-size-default\">Contactez nous<\/h2>\t\t\t\t<\/div>\n\t\t\t\t<div class=\"elementor-element elementor-element-cb30a34 elementor-widget elementor-widget-text-editor\" data-id=\"cb30a34\" data-element_type=\"widget\" data-widget_type=\"text-editor.default\">\n\t\t\t\t\t\t\t\t\t<p>contact@lemon-wheel.fr<br \/>+33 6 00 00 00 00<br \/>60 boulevard de Reuilly<br \/>75012 Paris<\/p>\t\t\t\t\t\t\t\t<\/div>\n\t\t\t\t<div class=\"elementor-element elementor-element-334dab9 elementor-widget elementor-widget-heading\" data-id=\"334dab9\" data-element_type=\"widget\" data-widget_type=\"heading.default\">\n\t\t\t\t\t<p class=\"elementor-heading-title elementor-size-default\">Horaires<\/p>\t\t\t\t<\/div>\n\t\t<div class=\"elementor-element elementor-element-e2e7028 e-grid e-con-full e-con e-child\" data-id=\"e2e7028\" data-element_type=\"container\">\n\t\t\t\t<div class=\"elementor-element elementor-element-f06d255 elementor-widget elementor-widget-text-editor\" data-id=\"f06d255\" data-element_type=\"widget\" data-widget_type=\"text-editor.default\">\n\t\t\t\t\t\t\t\t\t<p>Lundi <br \/>Mardi <br \/>Mercredi<br \/>Jeudi <br \/>Vendredi<br \/>Samedi<br \/>Dimanche<\/p>\t\t\t\t\t\t\t\t<\/div>\n\t\t\t\t<div class=\"elementor-element elementor-element-b74717d elementor-widget elementor-widget-text-editor\" data-id=\"b74717d\" data-element_type=\"widget\" data-widget_type=\"text-editor.default\">\n\t\t\t\t\t\t\t\t\t<p>8h30-12h et 14h-19h<br \/>8h30-12h et 14h-19h<br \/>8h30-12h et 14h-19h<br \/>8h30-12h et 14h-19h<br \/>8h30-12h et 14h-19h<br \/>9h -12h et 14h-18h<br \/>Ferm\u00e9<\/p>\t\t\t\t\t\t\t\t<\/div>\n\t\t\t\t<\/div>\n\t\t\t\t<\/div>\n\t\t\t\t<div class=\"elementor-element elementor-element-4d0a1d1 elementor-button-align-stretch elementor-widget elementor-widget-form\" data-id=\"4d0a1d1\" data-element_type=\"widget\" data-settings=\"{&quot;button_width&quot;:&quot;25&quot;,&quot;step_next_label&quot;:&quot;Next&quot;,&quot;step_previous_label&quot;:&quot;Previous&quot;,&quot;step_type&quot;:&quot;number_text&quot;,&quot;step_icon_shape&quot;:&quot;circle&quot;}\" data-widget_type=\"form.default\">\n\t\t\t\t\t\t\t<form class=\"elementor-form\" method=\"post\" name=\"New Form\" aria-label=\"New Form\">\n\t\t\t<input type=\"hidden\" name=\"post_id\" value=\"143\"\/>\n\t\t\t<input type=\"hidden\" name=\"form_id\" value=\"4d0a1d1\"\/>\n\t\t\t<input type=\"hidden\" name=\"referer_title\" value=\"Contact - Lemon Wheel\" \/>\n\n\t\t\t\t\t\t\t<input type=\"hidden\" name=\"queried_id\" value=\"143\"\/>\n\t\t\t\n\t\t\t<div class=\"elementor-form-fields-wrapper elementor-labels-above\">\n\t\t\t\t\t\t\t\t<div class=\"elementor-field-type-text elementor-field-group elementor-column elementor-field-group-field_60e0fee elementor-col-100\">\n\t\t\t\t\t\t\t\t\t\t\t\t<label for=\"form-field-field_60e0fee\" class=\"elementor-field-label\">\n\t\t\t\t\t\t\t\tPr\u00e9nom\t\t\t\t\t\t\t<\/label>\n\t\t\t\t\t\t\t\t\t\t\t\t\t\t<input size=\"1\" type=\"text\" name=\"form_fields[field_60e0fee]\" id=\"form-field-field_60e0fee\" class=\"elementor-field elementor-size-sm  elementor-field-textual\" placeholder=\"firstname\">\n\t\t\t\t\t\t\t\t\t\t\t<\/div>\n\t\t\t\t\t\t\t\t<div class=\"elementor-field-type-text elementor-field-group elementor-column elementor-field-group-name elementor-col-100\">\n\t\t\t\t\t\t\t\t\t\t\t\t<label for=\"form-field-name\" class=\"elementor-field-label\">\n\t\t\t\t\t\t\t\tNom\t\t\t\t\t\t\t<\/label>\n\t\t\t\t\t\t\t\t\t\t\t\t\t\t<input size=\"1\" type=\"text\" name=\"form_fields[name]\" id=\"form-field-name\" class=\"elementor-field elementor-size-sm  elementor-field-textual\" placeholder=\"Name\">\n\t\t\t\t\t\t\t\t\t\t\t<\/div>\n\t\t\t\t\t\t\t\t<div class=\"elementor-field-type-email elementor-field-group elementor-column elementor-field-group-email elementor-col-100 elementor-field-required\">\n\t\t\t\t\t\t\t\t\t\t\t\t<label for=\"form-field-email\" class=\"elementor-field-label\">\n\t\t\t\t\t\t\t\tEmail\t\t\t\t\t\t\t<\/label>\n\t\t\t\t\t\t\t\t\t\t\t\t\t\t<input size=\"1\" type=\"email\" name=\"form_fields[email]\" id=\"form-field-email\" class=\"elementor-field elementor-size-sm  elementor-field-textual\" placeholder=\"Email\" required=\"required\">\n\t\t\t\t\t\t\t\t\t\t\t<\/div>\n\t\t\t\t\t\t\t\t<div class=\"elementor-field-type-text elementor-field-group elementor-column elementor-field-group-field_aabab48 elementor-col-100\">\n\t\t\t\t\t\t\t\t\t\t\t\t<label for=\"form-field-field_aabab48\" class=\"elementor-field-label\">\n\t\t\t\t\t\t\t\tNum\u00e9ro de t\u00e9l\u00e9phone\t\t\t\t\t\t\t<\/label>\n\t\t\t\t\t\t\t\t\t\t\t\t\t\t<input size=\"1\" type=\"text\" name=\"form_fields[field_aabab48]\" id=\"form-field-field_aabab48\" class=\"elementor-field elementor-size-sm  elementor-field-textual\">\n\t\t\t\t\t\t\t\t\t\t\t<\/div>\n\t\t\t\t\t\t\t\t<div class=\"elementor-field-type-text elementor-field-group elementor-column elementor-field-group-field_3a5ca8c elementor-col-100\">\n\t\t\t\t\t\t\t\t\t\t\t\t<label for=\"form-field-field_3a5ca8c\" class=\"elementor-field-label\">\n\t\t\t\t\t\t\t\tSujet\t\t\t\t\t\t\t<\/label>\n\t\t\t\t\t\t\t\t\t\t\t\t\t\t<input size=\"1\" type=\"text\" name=\"form_fields[field_3a5ca8c]\" id=\"form-field-field_3a5ca8c\" class=\"elementor-field elementor-size-sm  elementor-field-textual\">\n\t\t\t\t\t\t\t\t\t\t\t<\/div>\n\t\t\t\t\t\t\t\t<div class=\"elementor-field-type-textarea elementor-field-group elementor-column elementor-field-group-message elementor-col-100\">\n\t\t\t\t\t\t\t\t\t\t\t\t<label for=\"form-field-message\" class=\"elementor-field-label\">\n\t\t\t\t\t\t\t\tMessage\t\t\t\t\t\t\t<\/label>\n\t\t\t\t\t\t<textarea class=\"elementor-field-textual elementor-field  elementor-size-sm\" name=\"form_fields[message]\" id=\"form-field-message\" rows=\"4\" placeholder=\"Message\"><\/textarea>\t\t\t\t<\/div>\n\t\t\t\t\t\t\t\t<div class=\"elementor-field-type-checkbox elementor-field-group elementor-column elementor-field-group-field_2fc5472 elementor-col-100\">\n\t\t\t\t\t<div class=\"elementor-field-subgroup  \"><span class=\"elementor-field-option\"><input type=\"checkbox\" value=\"J&#039;accepte les Termes\" id=\"form-field-field_2fc5472-0\" name=\"form_fields[field_2fc5472]\"> <label for=\"form-field-field_2fc5472-0\">J'accepte les Termes<\/label><\/span><\/div>\t\t\t\t<\/div>\n\t\t\t\t\t\t\t\t<div class=\"elementor-field-group elementor-column elementor-field-type-submit elementor-col-25 e-form__buttons\">\n\t\t\t\t\t<button class=\"elementor-button elementor-size-sm\" type=\"submit\">\n\t\t\t\t\t\t<span class=\"elementor-button-content-wrapper\">\n\t\t\t\t\t\t\t\t\t\t\t\t\t\t\t\t\t\t\t\t\t\t<span class=\"elementor-button-text\">Soumettre<\/span>\n\t\t\t\t\t\t\t\t\t\t\t\t\t<\/span>\n\t\t\t\t\t<\/button>\n\t\t\t\t<\/div>\n\t\t\t<\/div>\n\t\t<\/form>\n\t\t\t\t\t\t<\/div>\n\t\t\t\t<\/div>\n\t\t\t\t\t<\/div>\n\t\t\t\t<\/div>\n\t\t\t\t<\/div>\n\t\t","protected":false},"excerpt":{"rendered":"<p>Contactez nous contact@lemon-wheel.fr+33 6 00 00 00 0060 boulevard de Reuilly75012 Paris Horaires Lundi Mardi MercrediJeudi VendrediSamediDimanche 8h30-12h et 14h-19h8h30-12h et 14h-19h8h30-12h et 14h-19h8h30-12h et 14h-19h8h30-12h et 14h-19h9h -12h et 14h-18hFerm\u00e9<\/p>\n","protected":false},"author":1,"featured_media":0,"parent":0,"menu_order":0,"comment_status":"closed","ping_status":"closed","template":"","meta":{"_acf_changed":false,"footnotes":""},"class_list":["post-143","page","type-page","status-publish","hentry"],"acf":[],"yoast_head":"<!-- This site is optimized with the Yoast SEO plugin v26.7 - https:\/\/yoast.com\/wordpress\/plugins\/seo\/ -->\n<title>Contact - Lemon Wheel<\/title>\n<meta name=\"robots\" content=\"index, follow, max-snippet:-1, max-image-preview:large, max-video-preview:-1\" \/>\n<link rel=\"canonical\" href=\"https:\/\/mmi24a03.mmi-troyes.fr\/sae302\/contact\/\" \/>\n<meta property=\"og:locale\" content=\"fr_FR\" \/>\n<meta property=\"og:type\" content=\"article\" \/>\n<meta property=\"og:title\" content=\"Contact - Lemon Wheel\" \/>\n<meta property=\"og:description\" content=\"Contactez nous contact@lemon-wheel.fr+33 6 00 00 00 0060 boulevard de Reuilly75012 Paris Horaires Lundi Mardi MercrediJeudi VendrediSamediDimanche 8h30-12h et 14h-19h8h30-12h et 14h-19h8h30-12h et 14h-19h8h30-12h et 14h-19h8h30-12h et 14h-19h9h -12h et 14h-18hFerm\u00e9\" \/>\n<meta property=\"og:url\" content=\"https:\/\/mmi24a03.mmi-troyes.fr\/sae302\/contact\/\" \/>\n<meta property=\"og:site_name\" content=\"Lemon Wheel\" \/>\n<meta property=\"article:modified_time\" content=\"2025-12-17T17:14:01+00:00\" \/>\n<meta name=\"twitter:card\" content=\"summary_large_image\" \/>\n<meta name=\"twitter:label1\" content=\"Dur\u00e9e de lecture estim\u00e9e\" \/>\n\t<meta name=\"twitter:data1\" content=\"1 minute\" \/>\n<script type=\"application\/ld+json\" class=\"yoast-schema-graph\">{\"@context\":\"https:\/\/schema.org\",\"@graph\":[{\"@type\":\"WebPage\",\"@id\":\"https:\/\/mmi24a03.mmi-troyes.fr\/sae302\/contact\/\",\"url\":\"https:\/\/mmi24a03.mmi-troyes.fr\/sae302\/contact\/\",\"name\":\"Contact - Lemon Wheel\",\"isPartOf\":{\"@id\":\"https:\/\/mmi24a03.mmi-troyes.fr\/sae302\/#website\"},\"datePublished\":\"2025-12-17T17:13:40+00:00\",\"dateModified\":\"2025-12-17T17:14:01+00:00\",\"breadcrumb\":{\"@id\":\"https:\/\/mmi24a03.mmi-troyes.fr\/sae302\/contact\/#breadcrumb\"},\"inLanguage\":\"fr-FR\",\"potentialAction\":[{\"@type\":\"ReadAction\",\"target\":[\"https:\/\/mmi24a03.mmi-troyes.fr\/sae302\/contact\/\"]}]},{\"@type\":\"BreadcrumbList\",\"@id\":\"https:\/\/mmi24a03.mmi-troyes.fr\/sae302\/contact\/#breadcrumb\",\"itemListElement\":[{\"@type\":\"ListItem\",\"position\":1,\"name\":\"Home\",\"item\":\"https:\/\/mmi24a03.mmi-troyes.fr\/sae302\/\"},{\"@type\":\"ListItem\",\"position\":2,\"name\":\"Contact\"}]},{\"@type\":\"WebSite\",\"@id\":\"https:\/\/mmi24a03.mmi-troyes.fr\/sae302\/#website\",\"url\":\"https:\/\/mmi24a03.mmi-troyes.fr\/sae302\/\",\"name\":\"Lemon Wheel\",\"description\":\"\",\"publisher\":{\"@id\":\"https:\/\/mmi24a03.mmi-troyes.fr\/sae302\/#\/schema\/person\/4271919319f0ec71f3ca66b37819f95c\"},\"potentialAction\":[{\"@type\":\"SearchAction\",\"target\":{\"@type\":\"EntryPoint\",\"urlTemplate\":\"https:\/\/mmi24a03.mmi-troyes.fr\/sae302\/?s={search_term_string}\"},\"query-input\":{\"@type\":\"PropertyValueSpecification\",\"valueRequired\":true,\"valueName\":\"search_term_string\"}}],\"inLanguage\":\"fr-FR\"},{\"@type\":[\"Person\",\"Organization\"],\"@id\":\"https:\/\/mmi24a03.mmi-troyes.fr\/sae302\/#\/schema\/person\/4271919319f0ec71f3ca66b37819f95c\",\"name\":\"sae302User\",\"image\":{\"@type\":\"ImageObject\",\"inLanguage\":\"fr-FR\",\"@id\":\"https:\/\/mmi24a03.mmi-troyes.fr\/sae302\/#\/schema\/person\/image\/\",\"url\":\"https:\/\/mmi24a03.mmi-troyes.fr\/sae302\/wp-content\/uploads\/2025\/11\/logo.png\",\"contentUrl\":\"https:\/\/mmi24a03.mmi-troyes.fr\/sae302\/wp-content\/uploads\/2025\/11\/logo.png\",\"width\":145,\"height\":138,\"caption\":\"sae302User\"},\"logo\":{\"@id\":\"https:\/\/mmi24a03.mmi-troyes.fr\/sae302\/#\/schema\/person\/image\/\"},\"sameAs\":[\"https:\/\/mmi24a03.mmi-troyes.fr\/sae302\"]}]}<\/script>\n<!-- \/ Yoast SEO plugin. -->","yoast_head_json":{"title":"Contact - Lemon Wheel","robots":{"index":"index","follow":"follow","max-snippet":"max-snippet:-1","max-image-preview":"max-image-preview:large","max-video-preview":"max-video-preview:-1"},"canonical":"https:\/\/mmi24a03.mmi-troyes.fr\/sae302\/contact\/","og_locale":"fr_FR","og_type":"article","og_title":"Contact - Lemon Wheel","og_description":"Contactez nous contact@lemon-wheel.fr+33 6 00 00 00 0060 boulevard de Reuilly75012 Paris Horaires Lundi Mardi MercrediJeudi VendrediSamediDimanche 8h30-12h et 14h-19h8h30-12h et 14h-19h8h30-12h et 14h-19h8h30-12h et 14h-19h8h30-12h et 14h-19h9h -12h et 14h-18hFerm\u00e9","og_url":"https:\/\/mmi24a03.mmi-troyes.fr\/sae302\/contact\/","og_site_name":"Lemon Wheel","article_modified_time":"2025-12-17T17:14:01+00:00","twitter_card":"summary_large_image","twitter_misc":{"Dur\u00e9e de lecture estim\u00e9e":"1 minute"},"schema":{"@context":"https:\/\/schema.org","@graph":[{"@type":"WebPage","@id":"https:\/\/mmi24a03.mmi-troyes.fr\/sae302\/contact\/","url":"https:\/\/mmi24a03.mmi-troyes.fr\/sae302\/contact\/","name":"Contact - Lemon Wheel","isPartOf":{"@id":"https:\/\/mmi24a03.mmi-troyes.fr\/sae302\/#website"},"datePublished":"2025-12-17T17:13:40+00:00","dateModified":"2025-12-17T17:14:01+00:00","breadcrumb":{"@id":"https:\/\/mmi24a03.mmi-troyes.fr\/sae302\/contact\/#breadcrumb"},"inLanguage":"fr-FR","potentialAction":[{"@type":"ReadAction","target":["https:\/\/mmi24a03.mmi-troyes.fr\/sae302\/contact\/"]}]},{"@type":"BreadcrumbList","@id":"https:\/\/mmi24a03.mmi-troyes.fr\/sae302\/contact\/#breadcrumb","itemListElement":[{"@type":"ListItem","position":1,"name":"Home","item":"https:\/\/mmi24a03.mmi-troyes.fr\/sae302\/"},{"@type":"ListItem","position":2,"name":"Contact"}]},{"@type":"WebSite","@id":"https:\/\/mmi24a03.mmi-troyes.fr\/sae302\/#website","url":"https:\/\/mmi24a03.mmi-troyes.fr\/sae302\/","name":"Lemon Wheel","description":"","publisher":{"@id":"https:\/\/mmi24a03.mmi-troyes.fr\/sae302\/#\/schema\/person\/4271919319f0ec71f3ca66b37819f95c"},"potentialAction":[{"@type":"SearchAction","target":{"@type":"EntryPoint","urlTemplate":"https:\/\/mmi24a03.mmi-troyes.fr\/sae302\/?s={search_term_string}"},"query-input":{"@type":"PropertyValueSpecification","valueRequired":true,"valueName":"search_term_string"}}],"inLanguage":"fr-FR"},{"@type":["Person","Organization"],"@id":"https:\/\/mmi24a03.mmi-troyes.fr\/sae302\/#\/schema\/person\/4271919319f0ec71f3ca66b37819f95c","name":"sae302User","image":{"@type":"ImageObject","inLanguage":"fr-FR","@id":"https:\/\/mmi24a03.mmi-troyes.fr\/sae302\/#\/schema\/person\/image\/","url":"https:\/\/mmi24a03.mmi-troyes.fr\/sae302\/wp-content\/uploads\/2025\/11\/logo.png","contentUrl":"https:\/\/mmi24a03.mmi-troyes.fr\/sae302\/wp-content\/uploads\/2025\/11\/logo.png","width":145,"height":138,"caption":"sae302User"},"logo":{"@id":"https:\/\/mmi24a03.mmi-troyes.fr\/sae302\/#\/schema\/person\/image\/"},"sameAs":["https:\/\/mmi24a03.mmi-troyes.fr\/sae302"]}]}},"_links":{"self":[{"href":"https:\/\/mmi24a03.mmi-troyes.fr\/sae302\/wp-json\/wp\/v2\/pages\/143","targetHints":{"allow":["GET"]}}],"collection":[{"href":"https:\/\/mmi24a03.mmi-troyes.fr\/sae302\/wp-json\/wp\/v2\/pages"}],"about":[{"href":"https:\/\/mmi24a03.mmi-troyes.fr\/sae302\/wp-json\/wp\/v2\/types\/page"}],"author":[{"embeddable":true,"href":"https:\/\/mmi24a03.mmi-troyes.fr\/sae302\/wp-json\/wp\/v2\/users\/1"}],"replies":[{"embeddable":true,"href":"https:\/\/mmi24a03.mmi-troyes.fr\/sae302\/wp-json\/wp\/v2\/comments?post=143"}],"version-history":[{"count":7,"href":"https:\/\/mmi24a03.mmi-troyes.fr\/sae302\/wp-json\/wp\/v2\/pages\/143\/revisions"}],"predecessor-version":[{"id":218,"href":"https:\/\/mmi24a03.mmi-troyes.fr\/sae302\/wp-json\/wp\/v2\/pages\/143\/revisions\/218"}],"wp:attachment":[{"href":"https:\/\/mmi24a03.mmi-troyes.fr\/sae302\/wp-json\/wp\/v2\/media?parent=143"}],"curies":[{"name":"wp","href":"https:\/\/api.w.org\/{rel}","templated":true}]}}