{"id":289,"date":"2025-12-19T15:18:22","date_gmt":"2025-12-19T15:18:22","guid":{"rendered":"https:\/\/mmi24a03.mmi-troyes.fr\/sae302\/?page_id=289"},"modified":"2025-12-19T15:20:27","modified_gmt":"2025-12-19T15:20:27","slug":"dossier","status":"publish","type":"page","link":"https:\/\/mmi24a03.mmi-troyes.fr\/sae302\/dossier\/","title":{"rendered":"Dossier"},"content":{"rendered":"\t\t<div data-elementor-type=\"wp-page\" data-elementor-id=\"289\" class=\"elementor elementor-289\" data-elementor-post-type=\"page\">\n\t\t\t\t<div class=\"elementor-element elementor-element-4f71ab9 e-flex e-con-boxed e-con e-parent\" data-id=\"4f71ab9\" data-element_type=\"container\">\n\t\t\t\t\t<div class=\"e-con-inner\">\n\t\t<div class=\"elementor-element elementor-element-8fa93cf e-grid e-con-full e-con e-child\" data-id=\"8fa93cf\" data-element_type=\"container\" data-settings=\"{&quot;background_background&quot;:&quot;classic&quot;}\">\n\t\t\t\t<div class=\"elementor-element elementor-element-03dcfd8 elementor-widget elementor-widget-heading\" data-id=\"03dcfd8\" data-element_type=\"widget\" data-widget_type=\"heading.default\">\n\t\t\t\t\t<h2 class=\"elementor-heading-title elementor-size-default\"><a href=\"https:\/\/mmi24a03.mmi-troyes.fr\/sae302\/essai_et_analyse\/dossier-lhegemonie-de-la-norvege-sur-le-marche-v-e\/\">Dossier : L\u2019h\u00e9g\u00e9monie de la Norv\u00e8ge sur le march\u00e9 V.E.<\/a><\/h2>\t\t\t\t<\/div>\n\t\t\t\t<\/div>\n\t\t\t\t\t<\/div>\n\t\t\t\t<\/div>\n\t\t\t\t<\/div>\n\t\t","protected":false},"excerpt":{"rendered":"<p>Dossier : L\u2019h\u00e9g\u00e9monie de la Norv\u00e8ge sur le march\u00e9 V.E.<\/p>\n","protected":false},"author":1,"featured_media":0,"parent":0,"menu_order":0,"comment_status":"closed","ping_status":"closed","template":"","meta":{"_acf_changed":false,"footnotes":""},"class_list":["post-289","page","type-page","status-publish","hentry"],"acf":[],"yoast_head":"<!-- This site is optimized with the Yoast SEO plugin v26.7 - https:\/\/yoast.com\/wordpress\/plugins\/seo\/ -->\n<title>Dossier - Lemon Wheel<\/title>\n<meta name=\"robots\" content=\"index, follow, max-snippet:-1, max-image-preview:large, max-video-preview:-1\" \/>\n<link rel=\"canonical\" href=\"https:\/\/mmi24a03.mmi-troyes.fr\/sae302\/dossier\/\" \/>\n<meta property=\"og:locale\" content=\"fr_FR\" \/>\n<meta property=\"og:type\" content=\"article\" \/>\n<meta property=\"og:title\" content=\"Dossier - Lemon Wheel\" \/>\n<meta property=\"og:description\" content=\"Dossier : L\u2019h\u00e9g\u00e9monie de la Norv\u00e8ge sur le march\u00e9 V.E.\" \/>\n<meta property=\"og:url\" content=\"https:\/\/mmi24a03.mmi-troyes.fr\/sae302\/dossier\/\" \/>\n<meta property=\"og:site_name\" content=\"Lemon Wheel\" \/>\n<meta property=\"article:modified_time\" content=\"2025-12-19T15:20:27+00:00\" \/>\n<meta name=\"twitter:card\" content=\"summary_large_image\" \/>\n<meta name=\"twitter:label1\" content=\"Dur\u00e9e de lecture estim\u00e9e\" \/>\n\t<meta name=\"twitter:data1\" content=\"1 minute\" \/>\n<script type=\"application\/ld+json\" class=\"yoast-schema-graph\">{\"@context\":\"https:\/\/schema.org\",\"@graph\":[{\"@type\":\"WebPage\",\"@id\":\"https:\/\/mmi24a03.mmi-troyes.fr\/sae302\/dossier\/\",\"url\":\"https:\/\/mmi24a03.mmi-troyes.fr\/sae302\/dossier\/\",\"name\":\"Dossier - Lemon Wheel\",\"isPartOf\":{\"@id\":\"https:\/\/mmi24a03.mmi-troyes.fr\/sae302\/#website\"},\"datePublished\":\"2025-12-19T15:18:22+00:00\",\"dateModified\":\"2025-12-19T15:20:27+00:00\",\"breadcrumb\":{\"@id\":\"https:\/\/mmi24a03.mmi-troyes.fr\/sae302\/dossier\/#breadcrumb\"},\"inLanguage\":\"fr-FR\",\"potentialAction\":[{\"@type\":\"ReadAction\",\"target\":[\"https:\/\/mmi24a03.mmi-troyes.fr\/sae302\/dossier\/\"]}]},{\"@type\":\"BreadcrumbList\",\"@id\":\"https:\/\/mmi24a03.mmi-troyes.fr\/sae302\/dossier\/#breadcrumb\",\"itemListElement\":[{\"@type\":\"ListItem\",\"position\":1,\"name\":\"Home\",\"item\":\"https:\/\/mmi24a03.mmi-troyes.fr\/sae302\/\"},{\"@type\":\"ListItem\",\"position\":2,\"name\":\"Dossier\"}]},{\"@type\":\"WebSite\",\"@id\":\"https:\/\/mmi24a03.mmi-troyes.fr\/sae302\/#website\",\"url\":\"https:\/\/mmi24a03.mmi-troyes.fr\/sae302\/\",\"name\":\"Lemon Wheel\",\"description\":\"\",\"publisher\":{\"@id\":\"https:\/\/mmi24a03.mmi-troyes.fr\/sae302\/#\/schema\/person\/4271919319f0ec71f3ca66b37819f95c\"},\"potentialAction\":[{\"@type\":\"SearchAction\",\"target\":{\"@type\":\"EntryPoint\",\"urlTemplate\":\"https:\/\/mmi24a03.mmi-troyes.fr\/sae302\/?s={search_term_string}\"},\"query-input\":{\"@type\":\"PropertyValueSpecification\",\"valueRequired\":true,\"valueName\":\"search_term_string\"}}],\"inLanguage\":\"fr-FR\"},{\"@type\":[\"Person\",\"Organization\"],\"@id\":\"https:\/\/mmi24a03.mmi-troyes.fr\/sae302\/#\/schema\/person\/4271919319f0ec71f3ca66b37819f95c\",\"name\":\"sae302User\",\"image\":{\"@type\":\"ImageObject\",\"inLanguage\":\"fr-FR\",\"@id\":\"https:\/\/mmi24a03.mmi-troyes.fr\/sae302\/#\/schema\/person\/image\/\",\"url\":\"https:\/\/mmi24a03.mmi-troyes.fr\/sae302\/wp-content\/uploads\/2025\/11\/logo.png\",\"contentUrl\":\"https:\/\/mmi24a03.mmi-troyes.fr\/sae302\/wp-content\/uploads\/2025\/11\/logo.png\",\"width\":145,\"height\":138,\"caption\":\"sae302User\"},\"logo\":{\"@id\":\"https:\/\/mmi24a03.mmi-troyes.fr\/sae302\/#\/schema\/person\/image\/\"},\"sameAs\":[\"https:\/\/mmi24a03.mmi-troyes.fr\/sae302\"]}]}<\/script>\n<!-- \/ Yoast SEO plugin. -->","yoast_head_json":{"title":"Dossier - Lemon Wheel","robots":{"index":"index","follow":"follow","max-snippet":"max-snippet:-1","max-image-preview":"max-image-preview:large","max-video-preview":"max-video-preview:-1"},"canonical":"https:\/\/mmi24a03.mmi-troyes.fr\/sae302\/dossier\/","og_locale":"fr_FR","og_type":"article","og_title":"Dossier - Lemon Wheel","og_description":"Dossier : L\u2019h\u00e9g\u00e9monie de la Norv\u00e8ge sur le march\u00e9 V.E.","og_url":"https:\/\/mmi24a03.mmi-troyes.fr\/sae302\/dossier\/","og_site_name":"Lemon Wheel","article_modified_time":"2025-12-19T15:20:27+00:00","twitter_card":"summary_large_image","twitter_misc":{"Dur\u00e9e de lecture estim\u00e9e":"1 minute"},"schema":{"@context":"https:\/\/schema.org","@graph":[{"@type":"WebPage","@id":"https:\/\/mmi24a03.mmi-troyes.fr\/sae302\/dossier\/","url":"https:\/\/mmi24a03.mmi-troyes.fr\/sae302\/dossier\/","name":"Dossier - Lemon Wheel","isPartOf":{"@id":"https:\/\/mmi24a03.mmi-troyes.fr\/sae302\/#website"},"datePublished":"2025-12-19T15:18:22+00:00","dateModified":"2025-12-19T15:20:27+00:00","breadcrumb":{"@id":"https:\/\/mmi24a03.mmi-troyes.fr\/sae302\/dossier\/#breadcrumb"},"inLanguage":"fr-FR","potentialAction":[{"@type":"ReadAction","target":["https:\/\/mmi24a03.mmi-troyes.fr\/sae302\/dossier\/"]}]},{"@type":"BreadcrumbList","@id":"https:\/\/mmi24a03.mmi-troyes.fr\/sae302\/dossier\/#breadcrumb","itemListElement":[{"@type":"ListItem","position":1,"name":"Home","item":"https:\/\/mmi24a03.mmi-troyes.fr\/sae302\/"},{"@type":"ListItem","position":2,"name":"Dossier"}]},{"@type":"WebSite","@id":"https:\/\/mmi24a03.mmi-troyes.fr\/sae302\/#website","url":"https:\/\/mmi24a03.mmi-troyes.fr\/sae302\/","name":"Lemon Wheel","description":"","publisher":{"@id":"https:\/\/mmi24a03.mmi-troyes.fr\/sae302\/#\/schema\/person\/4271919319f0ec71f3ca66b37819f95c"},"potentialAction":[{"@type":"SearchAction","target":{"@type":"EntryPoint","urlTemplate":"https:\/\/mmi24a03.mmi-troyes.fr\/sae302\/?s={search_term_string}"},"query-input":{"@type":"PropertyValueSpecification","valueRequired":true,"valueName":"search_term_string"}}],"inLanguage":"fr-FR"},{"@type":["Person","Organization"],"@id":"https:\/\/mmi24a03.mmi-troyes.fr\/sae302\/#\/schema\/person\/4271919319f0ec71f3ca66b37819f95c","name":"sae302User","image":{"@type":"ImageObject","inLanguage":"fr-FR","@id":"https:\/\/mmi24a03.mmi-troyes.fr\/sae302\/#\/schema\/person\/image\/","url":"https:\/\/mmi24a03.mmi-troyes.fr\/sae302\/wp-content\/uploads\/2025\/11\/logo.png","contentUrl":"https:\/\/mmi24a03.mmi-troyes.fr\/sae302\/wp-content\/uploads\/2025\/11\/logo.png","width":145,"height":138,"caption":"sae302User"},"logo":{"@id":"https:\/\/mmi24a03.mmi-troyes.fr\/sae302\/#\/schema\/person\/image\/"},"sameAs":["https:\/\/mmi24a03.mmi-troyes.fr\/sae302"]}]}},"_links":{"self":[{"href":"https:\/\/mmi24a03.mmi-troyes.fr\/sae302\/wp-json\/wp\/v2\/pages\/289","targetHints":{"allow":["GET"]}}],"collection":[{"href":"https:\/\/mmi24a03.mmi-troyes.fr\/sae302\/wp-json\/wp\/v2\/pages"}],"about":[{"href":"https:\/\/mmi24a03.mmi-troyes.fr\/sae302\/wp-json\/wp\/v2\/types\/page"}],"author":[{"embeddable":true,"href":"https:\/\/mmi24a03.mmi-troyes.fr\/sae302\/wp-json\/wp\/v2\/users\/1"}],"replies":[{"embeddable":true,"href":"https:\/\/mmi24a03.mmi-troyes.fr\/sae302\/wp-json\/wp\/v2\/comments?post=289"}],"version-history":[{"count":7,"href":"https:\/\/mmi24a03.mmi-troyes.fr\/sae302\/wp-json\/wp\/v2\/pages\/289\/revisions"}],"predecessor-version":[{"id":296,"href":"https:\/\/mmi24a03.mmi-troyes.fr\/sae302\/wp-json\/wp\/v2\/pages\/289\/revisions\/296"}],"wp:attachment":[{"href":"https:\/\/mmi24a03.mmi-troyes.fr\/sae302\/wp-json\/wp\/v2\/media?parent=289"}],"curies":[{"name":"wp","href":"https:\/\/api.w.org\/{rel}","templated":true}]}}